*l + 45 = 0, 2*v + 15 = 5*l. Calculate the remainder when (3 + 57)*(-4)/v is divided by 53/4 + 1/(-4).
11
Let y = 146 + -123. Calculate the remainder when 44 is divided by y.
21
Let h(x) = 3*x**3 - 2*x**2 - x + 1. Calculate the remainder when 40 is divided by h(2).
10
What is the remainder when 27 is divided by ((-22)/8)/((-9)/36)?
5
Let x be -1*-2*(-5)/2. Let i = -2 - x. Suppose -i*b + 2*b - 1 = 3*o, -4*b = -4*o - 44. What is the remainder when 15 is divided by b?
7
Let n be (4/6)/(2/(-36)). Calculate the remainder when 29 is divided by (n/2)/(6/(-15)).
14
Suppose 0 = -4*k + 5*k - 4. Suppose 2*f = -n, 3*f - k*n - 11 = -0*f. Let s = 6 + f. What is the remainder when s is divided by 4?
3
Calculate the remainder when 62 is divided by (-15)/(10/(-2)) + 30.
29
Let h(o) = -17*o**3 - 2*o**2 - o. Suppose -5*i = -2*i + 3. Let t(g) = g**3 - g**2 - g + 47. What is the remainder when t(0) is divided by h(i)?
15
Let g(x) = -5*x**3 - 2*x**2 - x. Let f be g(-1). Let r = -5 + f. What is the remainder when 2 is divided by (-1)/(-2) - r/2?
0
Suppose 2*l + 2 = 10. Suppose -p - g - 6 = 2*g, l*g + 19 = -5*p. Let w = 5 + p. Calculate the remainder when 4 is divided by w.
0
Let y = 136 + -52. What is the remainder when y is divided by 22?
18
Let n(p) = p**2 - 2*p + 5. Let u(g) = -2*g**2 - 13*g + 5. What is the remainder when n(5) is divided by u(-6)?
9
Suppose -5*v - 6 = -2*v - 3*u, u = -4*v + 12. Let h(w) = 2*w**v + 0*w**2 - 6*w + 2 + 2*w. Calculate the remainder when h(2) is divided by 2.
0
Calculate the remainder when 51 is divided by -7 - -9 - (-11 + 0).
12
Let x = 84 - 49. Suppose -a + 8 = -c, 5*a - 3*c = a + 36. Calculate the remainder when x is divided by a.
11
Let h(m) = -m**2 - m + 16. What is the remainder when 61 is divided by h(0)?
13
Let o = 14 + 5. Let p = 4 + o. Calculate the remainder when p is divided by 13.
10
Let p(f) = -f**3 - f**2 + 2*f. Let b be p(-2). Suppose b = 5*y - y - 40. Let j = -17 + 36. Calculate the remainder when j is divided by y.
9
Suppose -2*t + 4*f = 0, -3*t + 16 = -2*t + 2*f. Calculate the remainder when t is divided by 1.
0
Let t be (-13)/(-3)*(1 + 2). Suppose 0 = 5*d + 3*r + 30, 3*r = 2*d - 0*r + 12. Let k = t + d. Calculate the remainder when 18 is divided by k.
4
Let a = 75 - 32. Let d(t) = -t**2 - 4*t + 5. Let p be d(-4). Suppose -2*m = -p*c + 73, 4*c - 42 = 4*m + 14. Calculate the remainder when a is divided by c.
13
Let c = 152 + -124. What is the remainder when 194 is divided by c?
26
Let a = -4 - -60. What is the remainder when a is divided by 20?
16
Let r(z) = 20*z**2 - 3*z - 4. What is the remainder when 55 is divided by r(-1)?
17
Let d(l) = 3*l**2 - l. Suppose -4*y = 2*h - 72, 2*y - y + 2 = 0. Suppose 4*j - h = -j. What is the remainder when d(-2) is divided by j?
6
Suppose -4*t = 3*u - 3*t - 13, 2*t = 8. Suppose u*q - 67 = -2*q - 3*n, -q - 5*n = -31. What is the remainder when q is divided by 6?
5
Let w(f) = 2 - f**2 - 1 - 6*f + 4. Let c be w(-6). Suppose 0 = c*y + 45 - 240. Calculate the remainder when y is divided by 20.
19
Let u be 0 + 109 + 0 + -2. Suppose -4*i - 15 + u = 0. Suppose -52 = -18*g + 14*g. Calculate the remainder when i is divided by g.
10
Let s(y) = 4*y + 3*y - 5 + y**3 - 2*y**2 - 2*y**2. Calculate the remainder when 67 is divided by s(4).
21
Let n(z) = z + 5. What is the remainder when 5 is divided by n(-3)?
1
Suppose 2*j = h + 81, j - 2*h = 49 - 1. What is the remainder when j is divided by 14?
10
Let g = 9 + -5. Suppose 0 = 6*u - u + 65. Let w = -11 - u. What is the remainder when g is divided by w?
0
Suppose 37*b = 35*b + 20. Calculate the remainder when b is divided by 3.
1
Suppose -259 = -2*g + i, -4 = -3*i + 7*i. What is the remainder when g is divided by 26?
25
Let t be 124/(6 + 16/(-4)). Suppose q + q = t. What is the remainder when q is divided by 8?
7
Suppose -b = -0*b - 11. Let r = -16 + 48. Calculate the remainder when r is divided by b.
10
Let k be (1 - -167)*(-4)/6. Let j = -80 - k. Let d = 29 + -18. What is the remainder when j is divided by d?
10
Let t = 7 + -5. Suppose 3*x = p + 11, 0 = t*x + p - 0*p + 1. Let d(z) = z. What is the remainder when 5 is divided by d(x)?
1
Calculate the remainder when 63 is divided by 17 + 0 + -4 + 3.
15
Suppose -3*x = -31 - 239. Suppose -70 = -3*h - 5*t, -2*t + x = 4*h + 3*t. What is the remainder when 59 is divided by h?
19
Let y = 78 - 26. Let c(h) = -h**3 - 3*h**2 + 5*h - 2. Let s be c(-4). Calculate the remainder when 24 is divided by s/(-4)*y/6.
11
Let f(l) = 8*l - 1. Let w = 4 + -4. Suppose w = 3*s - s - 58. Calculate the remainder when s is divided by f(2).
14
Suppose 3*n + 4 = 4*d - 2, n - 5*d + 13 = 0. Suppose n*j = 4*j - 56. What is the remainder when 55 is divided by j?
27
Let a = -18 + 10. Let w(j) = -j**3 - 7*j**2 + 8*j + 4. Let f be w(a). Suppose f*c = 178 - 50. What is the remainder when c is divided by 17?
15
Let d(f) = -f**3 + 6*f**2 + 4. Let r be d(7). Let k = 74 + r. Calculate the remainder when k is divided by 8.
5
Let j(r) = 3*r**2 + 22*r + 34. Let c(o) = -o**2 - 7*o - 11. Let n(z) = -7*c(z) - 2*j(z). What is the remainder when n(-6) is divided by 9?
6
Suppose -k - 157 = -3*h, -5*h - 86 = 2*k - 366. Calculate the remainder when h is divided by 20.
14
Let g(b) be the first derivative of b**3 - b + 1. Let k be g(1). Suppose -d - d = k*s - 14, 0 = 2*d - 5*s - 21. What is the remainder when 15 is divided by d?
7
Let u = 4 + 11. What is the remainder when u is divided by 6?
3
Let d(p) = 14*p**3 - p**2 + 3*p - 8. Calculate the remainder when d(2) is divided by 27.
25
Suppose -3*f + 26 = -f. Let w = -19 - -24. What is the remainder when f is divided by w?
3
Let u(q) = 14*q - 6. Calculate the remainder when u(3) is divided by 13.
10
Let k = 188 - 154. Suppose 0 = -4*g + 28. Calculate the remainder when k is divided by g.
6
Let h be 2/2*35/(-5). Let l = h + 12. Calculate the remainder when l is divided by 2.
1
Suppose 6*n = 16*n - 70. Calculate the remainder when 13 is divided by n.
6
Let f = 514 - 340. What is the remainder when f is divided by 35?
34
Suppose 180 = 5*g + 40. What is the remainder when g is divided by 5?
3
Suppose -8 = -2*h + 46. Let j = h - -66. Suppose 4*w - j = w. Calculate the remainder when w is divided by 11.
9
Let t(w) = w**3 - 7*w**2 + 2*w - 6. Calculate the remainder when 30 is divided by t(7).
6
Let r(m) = -m**2 - 6*m + 1. Let k be r(-6). Let x(s) = 2 + 26*s - 2. Calculate the remainder when x(k) is divided by 14.
12
Let m = 43 + -20. Calculate the remainder when 45 is divided by m.
22
Suppose 0 = -6*d + d + 215. Suppose 15 + 20 = 5*y. Suppose -f = -8 - y. Calculate the remainder when d is divided by f.
13
Suppose -5*u + 688 = t + 3*t, u + 2*t - 140 = 0. What is the remainder when u is divided by 71?
65
Let w(j) = -j**3 - 2*j**2 + j + 2. Let u be w(0). Let t(d) = 3*d + 3. What is the remainder when 52 is divided by t(u)?
7
Let s = -356 - -506. Calculate the remainder when s is divided by 38.
36
Suppose m = -3*m + 3*q + 47, -q + 27 = 4*m. Let z(y) = -y**3 - 3*y**2 - y - 4. What is the remainder when z(-4) is divided by 8*2*3/m?
4
Suppose -l = -2*y + 61, 2*y + l - 52 = -l. Suppose 2 = 5*p - 48. Calculate the remainder when y is divided by p.
9
Let o(r) = -7*r - 6. Let a be o(-4). Let u = a - 7. What is the remainder when 43 is divided by u?
13
Suppose -h + 62 = 12. Calculate the remainder when h is divided by (-1 + 15 - -1) + -2.
11
Let r be -4*(-10)/(-8)*-10. Suppose -90 - r = -5*x. Suppose x = -2*n + 3*n - 2*y, -37 = -n + 5*y. What is the remainder when 42 is divided by n?
20
Let v(o) = 5*o**3 + 12*o**2 + 3. Let k(j) = 9*j**3 + 23*j**2 + j + 5. Let u(s) = -6*k(s) + 11*v(s). What is the remainder when u(7) is divided by 6?
4
Let d(w) = -w**3 - w**2 + 8. Calculate the remainder when (-6)/4*558/(-27) is divided by d(0).
7
Let k = 13 + -8. Suppose 0 = 2*v - 2*m - 24, k*v = 6*m - 2*m + 63. Calculate the remainder when v is divided by 8.
7
Suppose -7*p + 2*p - 60 = 0. Let i = -7 - p. Let h(m) = -m**3 + 4*m**2 + m - 1. Calculate the remainder when i is divided by h(4).
2
Suppose -587*m + 9 = -584*m. Calculate the remainder when ((-2 - -7) + 0)*1 is divided by m.
2
Suppose 2*j = 3*q - 98, 3*j = q - 2*q + 29. What is the remainder when 95 is divided by q?
31
Suppose 6*i - 20 = i. Suppose -4*q = -i*s + 32, 2*q + 2 +